
Calculate the remainder when 41182 is divided by 60.
22
What is the remainder when 46944 is divided by 5844?
192
What is the remainder when 45376 is divided by 23?
20
Calculate the remainder when 3279 is divided by 328.
327
What is the remainder when 671272 is divided by 120?
112
Calculate the remainder when 34360 is divided by 22.
18
What is the remainder when 1260478 is divided by 78?
76
Calculate the remainder when 97543 is divided by 35.
33
Calculate the remainder when 5359 is divided by 2628.
103
Calculate the remainder when 11174 is divided by 319.
9
What is the remainder when 5968 is divided by 458?
14
What is the remainder when 53748 is divided by 215?
213
What is the remainder when 6681 is divided by 741?
12
What is the remainder when 1196 is divided by 582?
32
What is the remainder when 49906 is divided by 216?
10
What is the remainder when 5962 is divided by 2966?
30
Calculate the remainder when 2449 is divided by 861.
727
What is the remainder when 6215 is divided by 1277?
1107
What is the remainder when 19409 is divided by 9695?
19
Calculate the remainder when 1118671 is divided by 139833.
7
Calculate the remainder when 40066 is divided by 188.
22
Calculate the remainder when 89512 is divided by 91.
59
What is the remainder when 302 is divided by 77?
71
What is the remainder when 2461309 is divided by 448?
445
Calculate the remainder when 1438 is divided by 284.
18
What is the remainder when 35120 is divided by 399?
8
What is the remainder when 5640 is divided by 24?
0
What is the remainder when 6894 is divided by 276?
270
Calculate the remainder when 52966 is divided by 26437.
92
Calculate the remainder when 44093 is divided by 252.
245
What is the remainder when 8998 is divided by 72?
70
Calculate the remainder when 5331 is divided by 1760.
51
What is the remainder when 6026 is divided by 86?
6
Calculate the remainder when 96276 is divided by 32089.
9
Calculate the remainder when 12973 is divided by 405.
13
Calculate the remainder when 22078 is divided by 10974.
130
What is the remainder when 4587 is divided by 509?
6
Calculate the remainder when 188282 is divided by 33.
17
What is the remainder when 87229 is divided by 64?
61
What is the remainder when 5961 is divided by 82?
57
Calculate the remainder when 380442 is divided by 1612.
10
Calculate the remainder when 18318 is divided by 16.
14
Calculate the remainder when 3663 is divided by 6.
3
What is the remainder when 21701 is divided by 3096?
29
Calculate the remainder when 19651 is divided by 6547.
10
What is the remainder when 345420 is divided by 248?
204
What is the remainder when 2252 is divided by 641?
329
Calculate the remainder when 1831 is divided by 168.
151
What is the remainder when 17884 is divided by 1625?
9
What is the remainder when 7531 is divided by 34?
17
Calculate the remainder when 37723 is divided by 97.
87
What is the remainder when 1777 is divided by 122?
69
What is the remainder when 6525 is divided by 210?
15
What is the remainder when 3514 is divided by 380?
94
Calculate the remainder when 11721 is divided by 97.
81
What is the remainder when 2565 is divided by 165?
90
Calculate the remainder when 2156 is divided by 46.
40
Calculate the remainder when 12586 is divided by 9.
4
Calculate the remainder when 14052 is divided by 328.
276
What is the remainder when 44862 is divided by 37?
18
What is the remainder when 1509 is divided by 520?
469
Calculate the remainder when 3132 is divided by 627.
624
What is the remainder when 11653 is divided by 259?
257
What is the remainder when 15372 is divided by 205?
202
Calculate the remainder when 223 is divided by 83.
57
Calculate the remainder when 40257 is divided by 11.
8
Calculate the remainder when 6674 is divided by 62.
40
Calculate the remainder when 2421818 is divided by 68.
66
What is the remainder when 642 is divided by 211?
9
What is the remainder when 76791 is divided by 241?
153
Calculate the remainder when 32932 is divided by 272.
20
Calculate the remainder when 1897 is divided by 529.
310
Calculate the remainder when 6333 is divided by 746.
365
What is the remainder when 1186 is divided by 10?
6
Calculate the remainder when 7454 is divided by 1.
0
Calculate the remainder when 29566 is divided by 264.
262
Calculate the remainder when 112241 is divided by 35.
31
What is the remainder when 11378 is divided by 473?
26
Calculate the remainder when 95391 is divided by 449.
203
What is the remainder when 39644 is divided by 52?
20
Calculate the remainder when 192635 is divided by 9.
8
What is the remainder when 5618 is divided by 433?
422
What is the remainder when 159309 is divided by 559?
553
Calculate the remainder when 41776 is divided by 13919.
19
Calculate the remainder when 80060 is divided by 12.
8
What is the remainder when 1405 is divided by 212?
133
What is the remainder when 71757 is divided by 469?
0
Calculate the remainder when 1289 is divided by 97.
28
Calculate the remainder when 28702 is divided by 32.
30
What is the remainder when 89928 is divided by 22?
14
Calculate the remainder when 53463 is divided by 26708.
47
What is the remainder when 3323 is divided by 59?
19
What is the remainder when 15109 is divided by 7549?
11
What is the remainder when 4473 is divided by 498?
489
What is the remainder when 60979 is divided by 214?
203
What is the remainder when 31054 is divided by 81?
31
What is the remainder when 4074 is divided by 127?
10
What is the remainder when 9939 is divided by 195?
189
What is the remainder when 12075 is divided by 33?
30
Calculate the remainder when 27665 is divided by 2515.
0
What is the remainder when 3515 is divided by 601?
510
Calculate the remainder when 7146 is divided by 510.
6
Calculate the remainder when 34705 is divided by 17346.
13
Calculate the remainder when 791 is divided by 40.
31
Calculate the remainder when 430289 is divided by 176.
145
Calculate the remainder when 53666 is divided by 252.
242
What is the remainder when 32468 is divided by 22?
18
Calculate the remainder when 1232 is divided by 651.
581
What is the remainder when 5033 is divided by 1637?
122
Calculate the remainder when 175325 is divided by 43.
14
Calculate the remainder when 37423 is divided by 208.
191
What is the remainder when 44104 is divided by 12?
4
Calculate the remainder when 14248 is divided by 1178.
112
What is the remainder when 343915 is divided by 16?
11
What is the remainder when 5198 is divided by 19?
11
Calculate the remainder when 1000276 is divided by 333424.
4
What is the remainder when 162606 is divided by 46?
42
What is the remainder when 1323 is divided by 128?
43
What is the remainder when 28424 is divided by 9370?
314
What is the remainder when 1768 is divided by 1463?
305
Calculate the remainder when 795300 is divided by 131.
130
What is the remainder when 8833 is divided by 1103?
9
What is the remainder when 94142 is divided by 507?
347
What is the remainder when 45685 is divided by 15011?
652
What is the remainder when 50813 is divided by 442?
425
Calculate the remainder when 45435 is divided by 99.
93
What is the remainder when 13973 is divided by 13?
11
Calculate the remainder when 7255 is divided by 190.
35
What is the remainder when 9366 is divided by 1873?
1
What is the remainder when 21842 is divided by 190?
182
Calculate the remainder when 2359 is divided by 2344.
15
Calculate the remainder when 4904 is divided by 544.
8
Calculate the remainder when 2589 is divided by 2451.
138
Calculate the remainder when 176079 is divided by 9781.
21
Calculate the remainder when 117014 is divided by 29.
28
Calculate the remainder when 578150 is divided by 71.
68
Calculate the remainder when 1046820 is divided by 2190.
0
Calculate the remainder when 3637 is divided by 1338.
961
What is the remainder when 39254 is divided by 37?
34
What is the remainder when 3723 is divided by 13?
5
Calculate the remainder when 27886 is divided by 27882.
4
Calculate the remainder when 87220 is divided by 1615.
10
What is the remainder when 71434 is divided by 24?
10
Calculate the remainder when 75697 is divided by 304.
1
What is the remainder when 11655 is divided by 1371?
687
Calculate the remainder when 2853 is divided by 191.
179
Calculate the remainder when 13387 is divi